- -1) + (9 - 1).
5
What is the value of -4 - 0 - -4 - -5?
5
What is the value of 15 + (-2 - 4) + -3?
6
What is the value of (-7 - -4 - -3 - 0) + 3?
3
What is -9 + -6 + (-7 - -14) + 0?
-8
What is the value of 2 + -3 + -1 + 7?
5
7 + -2 - 2 - (-4 - -5)
2
Evaluate -6 + 5 + 9 + -6 + 2.
4
What is (2 - 6) + -1 + 4?
-1
Calculate 1 + (-7 - (0 - 2)).
-4
What is 5 - 8 - (-2 + 4)?
-5
What is -8 + (-4 - -6) + 5?
-1
What is 0 - (-2 + 4 - (-6 - -10))?
2
Evaluate 9 - (-1 + 15) - -3.
-2
What is the value of -2 - (0 + 1 + -8 + 3)?
2
Evaluate -1 + (-1 - -7) + -2.
3
4 + -2 + 6 + -7
1
Evaluate 1 - 2 - (321 + -312).
-10
What is the value of 4 - (18 + -11 + -11)?
8
Calculate (21 - 16) + (-1 - 11) + 16.
9
3 + -6 + 6 - (0 - -7)
-4
What is the value of (0 - 4) + (2 - -2) - -2?
2
What is the value of -5 + (5 - (1 + 0))?
-1
Calculate -48 + 50 + (-9 - 1).
-8
What is (-36 - -12) + 13 - -9?
-2
(4 - (6 - -2)) + 2
-2
What is the value of 1 + 5 - (5 + -1 - 2)?
4
Calculate 4 + -1 - 0 - (4 + -3).
2
(-7 - -7) + 6 - (-1 - 3)
10
Evaluate -9 + (-4 - (2 - 10)).
-5
-2 - ((2 - 2 - -2) + -6)
2
Calculate 1 - (4 + -3 + -3 + 3).
0
Calculate 12 + -9 - (-1 + 3 - 6).
7
What is the value of -1 + 4 - (-20 + 27)?
-4
2 - ((5 - 7) + -4 + 0)
8
Calculate (-5 + 3 - -11) + -11.
-2
Calculate (-15 - 2) + 11 + (8 - 1).
1
-3 + -1 - -3 - (3 + -7)
3
What is 6 - 1 - (1 + 1 - -1)?
2
-5 - ((1 - 6) + 1 - -1)
-2
What is the value of 2 - 5 - (-5 - (1 - 4))?
-1
2 + (1 - -5 - (-4 + 7))
5
Evaluate -1 + (-3 - 1) + -6 + 2.
-9
What is the value of 1 + 0 + -1 + -5?
-5
What is the value of -6 - (11 - 19) - 11?
-9
(4 - 5) + 0 + 1 + -2
-2
Evaluate 3 + 4 + -3 + 3 + -3.
4
3 + -2 + 11 + -12
0
What is the value of 22 + -12 - (6 - 1)?
5
(7 - (9 + -1)) + -4
-5
What is the value of 9 + (-7 - (-4 - -3))?
3
What is -2 - (3 - 2 - 7)?
4
What is 7 + -7 - 3 - 3?
-6
Evaluate 6 - (1 - -1) - (98 + -87).
-7
What is the value of -56 - -58 - (-2 - (2 + -4))?
2
What is (4 - (-2 + 10)) + 0?
-4
-27 + 25 - (-4 - (1 + -1))
2
(8 - 2) + (-10 - -3 - -4)
3
1 + (6 + -4 + 1 - 4)
0
What is (-5 + 7 - 10) + 8?
0
What is (2 + -5 - 1) + 3?
-1
(0 - 1) + -18 + (21 - 7)
-5
Calculate ((11 - 4) + -4 - -3) + -3.
3
What is -6 + 14 + -9 + 1?
0
Evaluate -3 + (-6 - 2) - -6.
-5
Evaluate 1 - (-4 + 6) - 5.
-6
What is the value of -2 - (7 - 2) - -1?
-6
-13 - (-5 - (-3 - -2)) - -5
-4
-13 - -13 - (6 + -10)
4
What is -6 + -3 + 3 - (-8 + 5)?
-3
What is the value of 1 - (-3 - (-2 + -9 + 2))?
-5
What is the value of 1 - -2 - (14 + -10) - 4?
-5
Calculate -10 + 7 - (-10 - -9).
-2
4 - 1 - (19 - 15)
-1
Calculate -5 + (5 - (5 - 4)).
-1
What is the value of -2 + 7 - (-12 + 18)?
-1
What is the value of ((4 - -6) + -6 - 12) + 1?
-7
Calculate 2 + 1 + 4 + (4 - 6).
5
Calculate -11 - (-14 + 3) - 5.
-5
What is the value of (-1 - 0 - 2) + (-24 - -31)?
4
Evaluate 1 - (-3 - (-1 - 6)) - -10.
7
What is 11 - (-1 - 0 - (-6 + 0))?
6
Evaluate -3 - ((-1 - -4) + -8).
2
What is the value of -17 + 11 + (9 - 2)?
1
Evaluate -1 + 1 - (6 + -7).
1
Evaluate (-4 - 6 - -3) + -2 + 0.
-9
What is (-2 + 9 - 7) + (1 - 4)?
-3
What is the value of 6 + -4 - (2 + 0) - -4?
4
2 + -5 - -8 - 4
1
Calculate (-2 + (3 - 0) - -3) + -9.
-5
Evaluate 16 - 4 - (0 + 19).
-7
What is the value of 4 + (3 + -7 - -2) + -3?
-1
What is the value of 11 + 7 - (6 - -6)?
6
2 - (4 + -3 - -5)
-4
Evaluate -25 + 19 + 2 + 2.
-2
-5 + -4 + 10 + -2
-1
What is (-6 - (4 - 7)) + (-1 - -8)?
4
What is 10 - ((-4 - (-12 - -6)) + 4)?
4
What is (0 - (-3 + 9)) + -10 + 5?
-11
-1 + 3 + -5 + -2 - -3
-2
What is the value of (0 - 2) + (-3 - (-7 - 2))?
4
Calculate 0 + 6 + (-2 - (1 - 6)).
9
What is the value of (6 - 2 - -1) + 2?
7
What is the value of (1 - (-1 - -4 - 4)) + -3?
-1
What is -1 - -1 - -3 - (29 + -25)?
-1
What is -2 + (-3 - 4) + -6 - -6?
-9
5 + (6 - 1 - (7 + 2))
1
Evaluate -2 + 0 + (-2 - (2 + -3)).
-3
Calculate (-28 - -30) + -6 + 1.
-3
5 + (-14 - (-14 - -8))
-3
-4 + 1 + 5 - 2
0
What is -1 + -6 + 17 + (-9 - 6)?
-5
-7 + (8 - -3) - (1 + -2)
5
Evaluate -6 - (2 + (-5 - (2 + -4))).
-5
What is the value of 7 + -3 - 0 - 1?
3
-1 - -4 - (6 - 4)
1
Calculate -10 + 0 + 7 + -1.
-4
Evaluate -2 + -3 + (3 - 2).
-4
1 + 1 - (8 - 5)
-1
Calculate 1 + -3 + 4 + -1 + 1.
2
Calculate -1 - (6 + -5 + -1).
-1
Calculate -6 + 0 + (3 - -8).
5
17 + -16 + (4 - (-2 - -4))
3
What is the value of -1 + 4 + -6 + 1?
-2
Evaluate -34 + 27 - (3 + -4 - 9).
3
What is the value of -1 + -3 - (-9 - (-9 - -3))?
-1
(-53 - -54) + (-4 - -1)
-2
7 - (1 - 7 - -8)
5
What is the value of -3 - (0 - (0 + 7 + 3))?
7
-3 + 0 + 0 + 6
3
-4 - (-9 + -2) - 11
-4
Calculate -6 + ((-6 - -13) + -11 - -12).
2
Calculate 0 + (6 - 13) + 6.
-1
What is the value of (1 + -4 - 0 - -4) + -2?
-1
-13 + 12 - -4 - (3 + -1)
1
What is -25 + 30 - (6 + 1)?
-2
(-1 + 0 - -7) + -8
-2
Calculate 0 - (7 - 12 - -10).
-5
5 - 1 - -2 - 2
4
(-4 - (-6 + 2)) + 4
4
Calculate 1 + -3 + (2 - -6).
6
What is 3 + 7 + -4 + -1?
5
What is 7 - (3 + 1) - 2 - 5?
-4
Evaluate 9 + -4 - (13 + -11).
3
Calculate (6 - 16) + 13 - (0 - 2).
5
Calculate 2 - ((-5 + 4 - 1) + -1).
5
Calculate 9 + -6 + 6 + -2 + -6.
1
Evaluate -3 + -1 - -4 - -1.
1
What is (-18 - -15) + (0 - (-1 + 0))?
-2
Calculate 3 - (-1 - (0 + -6)).
-2
Calculate 0 + (1 - -1) + -1 + 4.
5
Calculate -1 + 1 + (-4 - -16) + -4.
8
4 + 1 - 3 - 2
0
(6 - (19 + -6)) + (8 - 4)
-3
Calculate 1 - (6 + -5 + (-1 - -4)).
-3
Evaluate (-3 + 3 - -1) + 0 + 0.
1
10 - 6 - 11 - 0
-7
7 + -8 + 8 + -1
6
Calculate 1 + (5 - (2 + -2)).
6
What is the value of (0 - 1) + (18 - 15)?
2
What is -1 + 8 - (-6 + 9 + 3)?
1
What is 0 + 4 + -8 + 1 + 8?
5
4 + 5 + -3 + -4
2
What is the value of -4 - (-4 + 6 - (1 + 0))?
-5
Evaluate (1 - 0) + 3 + -3 - -4.
5
Calculate -4 - (-11 + 13 + -15 + 1).
8
Calculate -2 + 1 + -2 - 3 - 2.
-8
Calculate 7 + -1 - (15 + 5 + -17).
3
What is the value of (11 - 0) + (-23 - -12)?
0
Calculate (5 - -1) + (-1 - 0).
5
Calculate -3 + 0 + (5 - (-1 + 5)).
-2
What is the value of (0 - 5) + -3 - (1 - 6)?
-3
Calculate 9 - (-2 - (0 + (2 - 7))).
6
5 + -2 + 4 + -2
5
7 + -1 - (1 - -5)
0
What is (-4 - -4 - 3) + (-2 - -1)?
-4
Evaluate 4 - (16 + -17 - (0 + -3)).
2
What is -4 + -2 + (-17 - -22)?
-1
-1 - (-2 + -6 + 2 + 0)
5
0 + (1 - -3) + -2 + 1
3
-3 + (5 - (5 - 5))
2
Evaluate (-15 - -14) + (-2 - 1).
-4
Calculate 61 + -66 + -1 + 0.
-6
What is (-1 - (-5 - -6)) + 0?
-2
2 - ((-1 - -3) + 5 + 0)
-5
What is the value of (8 - 0) + (17 - 21)?
4
What is the value of 4 - -1 - (-3 - -6 - 0)?
2
Evaluate (-10 - -11) + 1 + 2.
4
Calculate (-3 - (2 - 5)) + 0.
0
Evaluate 10 + -12 - 3 - -8.
3
What is the value of 0 + -2 + 6 - (4 + -2)?
2
What is -2 + (-4 - (4 - 8)) - -1?
-1
What is the value of 3 + (0 - -2) + (1 - 1)?
5
-1 - (3 - (-1 + 4 + -2))
-3
What is the value of 6 + (-11 - (3 + -5))?
-3
3 - (1 + (-1 - -6))
-3
Evaluate -3 + 0 + 1 - -1 - 4.
-5
(-4 - -11 - 3) + -8 - 1
-5
Calculate -8 + -8 + 1 + 4 + 7.
-4
13 + -7 + -12 - -3
-3
What is the value of -9 + -7 + 16 + -4?
-4
What is the value of 7 - ((4 - 6) + 3 - -3)?
3
Evaluate 12 + -3 + (5 - 12).
2
What is the value of (-1 - -5) + -3 + -4 + 2?
-1
Evaluate -2 - (-2 + 10 + -21 + 16).
-5
What is the value of -3 + -3 + (8 - (10 - 4))?
-4
Evaluate 3 - -1 - (1 + 1).
2
What is -18 + (-7 - -27) + -1 + -9?
-8
(6 - 2) + -5 + -1
-2
Evaluate -1 + 1 + -5 + 0.
-5
What is 0 + -1 - (-3 - 1)?
3
What is the value of 4 + -1 - 2 - 1?
0
(-17 - -13) + (-2 - -5)
-1
What is the value of 3 - (-3 + (-1 - (1 + -4)))?
4
What is the value of (-22 - -30) + 6 - (5 - 0)?
9
Evaluate (-2 - -3) + (-9 - -5).
-3
Evaluate 7 + (0 - (-16 + 7) - 18).
-2
2 + 0 + 2 - (10 + -9)
3
81 - 88 - ((-10 - 0) + 2)
1
Calculate 1 - ((-1 - -1) + 4).
-3
1 - -8 - (-3 + 6 + -2)
8
What is the value of 5 + -10 + (5 - (1 + 1))?
-2
Evaluate (0 - (10 - 7)) + 6.
3
What is the value of -1 - 2 - 0 - 1?
-4
Calculate -1 + 13 + -4 + -10.
-2
What is the value of -6 - (1 - -3 - (-56 + 75))?
9
Calculate (4 - (2 - 2)) + -53 + 50.
1
Evaluate 5 - (4 + 4) - (-10 + 5).
2
(4 - (6 - 4)) + (9 - 5)
6
Evaluate -5 + (1 + 0 - 1).
-5
0 + 1 + -5 + (1 - 0)
-3
Calculate 3 + -6 - 1 - (-15 - -7).
4
What is (8 - (-6 - (-6 - 8))) + 0?
0
Evaluate -8 + 11 - (2 + -6).
7
Calculate 3 - (8 + 1 + -4) - -6.
4
-1 + (4 - (7 + -1))
-3
What is the value of 1 + 10 + (-2 - 6)?
3
What is the value of -7 + 0 + 10 + (-36 - -38)?
5
What is 41 - 44 - (0 + 1 + -7)?
3
Evaluate 6 + (-1 + 6 + -9 - -4).
6
(-4 - 1) + 5 + 2 + -5
-